{"id":1013,"date":"2023-05-12T09:07:29","date_gmt":"2023-05-12T07:07:29","guid":{"rendered":"http:\/\/corporate.quadram.site\/master\/?page_id=1013"},"modified":"2023-06-07T15:20:06","modified_gmt":"2023-06-07T13:20:06","slug":"personalmanagement","status":"publish","type":"page","link":"https:\/\/corporate.quadram.site\/?page_id=1013","title":{"rendered":"Personalmanagement"},"content":{"rendered":"\n<div style=\"height:25px\" aria-hidden=\"true\" class=\"wp-block-spacer\"><\/div>\n\n\n\n\n\n<div style=\"height:50px\" aria-hidden=\"true\" class=\"wp-block-spacer\"><\/div>\n\n\n\n<div class=\"wp-block-columns is-layout-flex wp-container-core-columns-is-layout-9d6595d7 wp-block-columns-is-layout-flex\">\n<div class=\"wp-block-column is-layout-flow wp-block-column-is-layout-flow\">\n<figure class=\"wp-block-image size-large is-resized\"><img loading=\"lazy\" decoding=\"async\" src=\"http:\/\/corporate.quadram.site\/master\/wp-content\/uploads\/2023\/05\/ErgoOffice-Ressources-Humaines-1024x682.jpg\" alt=\"\" class=\"wp-image-618\" width=\"512\" height=\"341\" srcset=\"https:\/\/corporate.quadram.site\/wp-content\/uploads\/2023\/05\/ErgoOffice-Ressources-Humaines-1024x682.jpg 1024w, https:\/\/corporate.quadram.site\/wp-content\/uploads\/2023\/05\/ErgoOffice-Ressources-Humaines-300x200.jpg 300w, https:\/\/corporate.quadram.site\/wp-content\/uploads\/2023\/05\/ErgoOffice-Ressources-Humaines-768x512.jpg 768w, https:\/\/corporate.quadram.site\/wp-content\/uploads\/2023\/05\/ErgoOffice-Ressources-Humaines-1536x1024.jpg 1536w, https:\/\/corporate.quadram.site\/wp-content\/uploads\/2023\/05\/ErgoOffice-Ressources-Humaines-2048x1365.jpg 2048w, https:\/\/corporate.quadram.site\/wp-content\/uploads\/2023\/05\/ErgoOffice-Ressources-Humaines-930x620.jpg 930w\" sizes=\"auto, (max-width: 512px) 100vw, 512px\" \/><\/figure>\n<\/div>\n\n\n\n<div class=\"wp-block-column is-layout-flow wp-block-column-is-layout-flow\">\n<div class=\"wp-block-group\"><div class=\"wp-block-group__inner-container is-layout-constrained wp-block-group-is-layout-constrained\">\n<div style=\"height:25px\" aria-hidden=\"true\" class=\"wp-block-spacer\"><\/div>\n\n\n\n<h2 class=\"wp-block-heading\">Personalmanagement<\/h2>\n\n\n\n<div style=\"height:25px\" aria-hidden=\"true\" class=\"wp-block-spacer\"><\/div>\n\n\n\n<p><strong>Ihr perfekt an das luxemburgische Arbeitsrecht angepasste Personalmanagement. Ein Service-Komplettpaket f\u00fcr alle KMU-Unternehmen, mit dem Sie viel Zeit und Verwaltungskosten einsparen k\u00f6nnen.<\/strong><\/p>\n\n\n\n<p>Ihre Bed\u00fcrfnisse im Bereich Personalmanagement werden komplett erf\u00fcllt: die Bearbeitung von Urlaubsantr\u00e4gen, die Urlaubsplanung, die Verfolgung von Krankheit, Mutterschaft, Elternzeit, die Best\u00e4tigung von \u00dcberstunden, personenbezogene Daten und Geschichte.<\/p>\n<\/div><\/div>\n<\/div>\n<\/div>\n\n\n\n<div style=\"height:100px\" aria-hidden=\"true\" class=\"wp-block-spacer\"><\/div>\n\n\n\n<div class=\"wp-block-cover alignfull\"><span aria-hidden=\"true\" class=\"wp-block-cover__background has-nv-light-bg-background-color has-background-dim-100 has-background-dim\"><\/span><div class=\"wp-block-cover__inner-container is-layout-flow wp-block-cover-is-layout-flow\">\n<div style=\"height:100px\" aria-hidden=\"true\" class=\"wp-block-spacer\"><\/div>\n\n\n\n<div class=\"wp-block-columns is-layout-flex wp-container-core-columns-is-layout-9d6595d7 wp-block-columns-is-layout-flex\">\n<div class=\"wp-block-column is-layout-flow wp-block-column-is-layout-flow\">\n<h2 class=\"wp-block-heading has-neve-text-color-color has-text-color\">Beschreibung<\/h2>\n\n\n\n<p class=\"has-neve-text-color-color has-text-color\">Das Modul \u201ePersonalwesen\u201c erleichtert Ihnen alle Aufgaben im Bereich Personalmanagement und hilft Ihnen, Zeit zu gewinnen und die Kommunikation mit Ihren Mitarbeitern zu verbessern.<\/p>\n\n\n\n<p class=\"has-neve-text-color-color has-text-color\">Dank der Einbindung der luxemburgischen Gesetzgebung k\u00f6nnen Sie Kontrollen durchf\u00fchren, Entscheidungen treffen und Mitarbeiterantr\u00e4ge best\u00e4tigen, auch wenn Sie selbst kein HR-Experte oder Buchhalter sind. Die Berechnung des Resturlaubs verschiedener Art erfolgt automatisch auf Grundlage der Arbeitsvertr\u00e4ge und gesetzlichen Bestimmungen.<\/p>\n\n\n\n<p class=\"has-neve-text-color-color has-text-color\">Durch seine Kombination mit den anderen Modulen der ErgoOffice-Software verf\u00fcgen Sie \u00fcber eine einheitliche Plattform f\u00fcr alle T\u00e4tigkeiten im Bereich Personalmanagement mit mehreren Vorz\u00fcgen:<\/p>\n\n\n\n<ul class=\"has-neve-text-color-color has-text-color wp-block-list\">\n<li>Die Einbindung von Abwesenheiten (Urlaub, Krankheit usw.) in Ihre Personalplanung (Planungsmodul von ErgoOffice)<\/li>\n\n\n\n<li>Die verschl\u00fcsselte Synchronisierung der Arbeitszeit und die Projektstatistiken von ErgoOffice<\/li>\n\n\n\n<li>Die Einbindung des Personalmanagements ins ERP-System des Unternehmens (Dokumentenmanagement, Checklisten usw.).<\/li>\n<\/ul>\n<\/div>\n\n\n\n<div class=\"wp-block-column is-layout-flow wp-block-column-is-layout-flow\">\n<div style=\"height:70px\" aria-hidden=\"true\" class=\"wp-block-spacer\"><\/div>\n\n\n\n<h3 class=\"wp-block-heading has-neve-text-color-color has-text-color\"><strong><strong>Das HR-Modul nutzt allen Beteiligten<\/strong><\/strong><\/h3>\n\n\n\n<h4 class=\"wp-block-heading has-neve-text-color-color has-text-color\">Der Arbeitnehmer :<\/h4>\n\n\n\n<ul class=\"has-neve-text-color-color has-text-color wp-block-list\">\n<li>Sieht seinen Resturlaub und seinen Kalender ein<\/li>\n\n\n\n<li>Meldet seine Abwesenheit (Krankheit)<\/li>\n\n\n\n<li>Erstellt einen Urlaubsantrag und verfolgt dessen Bearbeitung<\/li>\n\n\n\n<li>Beantragt die Best\u00e4tigung der \u00dcberstunden<\/li>\n<\/ul>\n\n\n\n<h4 class=\"wp-block-heading has-neve-text-color-color has-text-color\">Der Manager oder Teamchef :<\/h4>\n\n\n\n<ul class=\"has-neve-text-color-color has-text-color wp-block-list\">\n<li>Informiert sich \u00fcber die Antr\u00e4ge seiner Teammitglieder<\/li>\n\n\n\n<li>Sieht die Urlaubsplanung und die Abwesenheiten seines Teams ein<\/li>\n\n\n\n<li>Best\u00e4tigt die Urlaubstage<\/li>\n\n\n\n<li>Informiert sich automatisch \u00fcber die Abwesenheiten der Mitarbeiter<\/li>\n<\/ul>\n\n\n\n<h4 class=\"wp-block-heading has-neve-text-color-color has-text-color\">Der HR-Verantwortliche : <\/h4>\n\n\n\n<ul class=\"has-neve-text-color-color has-text-color wp-block-list\">\n<li>Hat schnellen Zugriff auf die Mitarbeiterdatens\u00e4tze (personenbezogene Daten, Vertr\u00e4ge, Abwesenheitsrate, Lohngeschichte usw.)<\/li>\n\n\n\n<li>Kann automatisch die n\u00f6tigen Informationen zur Lohnberechnung erhalten<\/li>\n\n\n\n<li>Verwaltet die Urlaubsplanung und den Kalender mit den An- und Abwesenheiten des Personals<\/li>\n\n\n\n<li>Wird im Falle einer \u00c4nderung der Daten des Angestellten (Adresse, Bankkonto usw.) automatisch informiert<\/li>\n<\/ul>\n<\/div>\n<\/div>\n\n\n\n<div class=\"wp-block-columns is-layout-flex wp-container-core-columns-is-layout-9d6595d7 wp-block-columns-is-layout-flex\">\n<div class=\"wp-block-column is-layout-flow wp-block-column-is-layout-flow\">\n<h3 class=\"wp-block-heading has-neve-text-color-color has-text-color\">Liste der Funktionalit\u00e4ten:<\/h3>\n\n\n\n<ul class=\"has-neve-text-color-color has-text-color wp-block-list\">\n<li>Bearbeitung von Urlaubsantr\u00e4gen<\/li>\n\n\n\n<li>Automatische Berechnung des Resturlaubs und der Anspr\u00fcche auf andere Abwesenheitsarten<\/li>\n\n\n\n<li>Kalender mit Urlaubstagen und anderen Abwesenheiten (Krankheit usw.)<\/li>\n\n\n\n<li>Best\u00e4tigung der \u00dcberstunden<\/li>\n\n\n\n<li>&nbsp;<\/li>\n\n\n\n<li>Aufzeichnung der Arbeitnehmerdaten<\/li>\n\n\n\n<li>Aufzeichnung der Abwesenheiten der Angestellten<\/li>\n\n\n\n<li>Einbindung ins Zeitmanagement und das Arbeitsplan-Modul der ErgoOffice-Software<\/li>\n\n\n\n<li>Einbindung in die Dokumentenverwaltung der ErgoOffice-Software<\/li>\n\n\n\n<li>Mehrstufiger Schutz dank Zugriffsrechtssystem f\u00fcr die verschiedenen Personen.<\/li>\n<\/ul>\n<\/div>\n\n\n\n<div class=\"wp-block-column is-layout-flow wp-block-column-is-layout-flow\">\n<h3 class=\"wp-block-heading has-neve-text-color-color has-text-color\"><strong>Einige Gr\u00fcnde, die f\u00fcr das HR-Modul von ErgoOffice sprechen<\/strong><\/h3>\n\n\n\n<ul class=\"has-neve-text-color-color has-text-color wp-block-list\">\n<li>Verbesserte Kommunikation zwischen den F\u00fchrungskr\u00e4ften und den Angestellten unter Vermeidung von E-Mails und Telefonanrufen<\/li>\n\n\n\n<li>Flexibilit\u00e4t und Interaktivit\u00e4t bei der Bearbeitung von Urlaubsantr\u00e4gen<\/li>\n\n\n\n<li>Zeitersparnis beim Personalmanagement<\/li>\n\n\n\n<li>Bessere Kontrolle (Abwesenheitsrate usw.)<\/li>\n\n\n\n<li>Direkte Aktualisierung der personenbezogenen Daten durch den Angestellten (z.&nbsp;B. \u00c4nderung von Adresse, Bankkonto usw.)<\/li>\n\n\n\n<li>Einbindung ins System der ErgoOffice-Software<\/li>\n<\/ul>\n<\/div>\n<\/div>\n\n\n\n<div style=\"height:100px\" aria-hidden=\"true\" class=\"wp-block-spacer\"><\/div>\n<\/div><\/div>\n\n\n\n<div style=\"height:100px\" aria-hidden=\"true\" class=\"wp-block-spacer\"><\/div>\n\n\n\n<h2 class=\"wp-block-heading\">Beispiele<\/h2>\n\n\n\n<div class=\"wp-block-columns is-layout-flex wp-container-core-columns-is-layout-9d6595d7 wp-block-columns-is-layout-flex\">\n<div class=\"wp-block-column is-layout-flow wp-block-column-is-layout-flow\">\n<h3 class=\"wp-block-heading\">Urlaubsanfrage und -planung<\/h3>\n\n\n\n<figure class=\"wp-block-image size-full is-resized\"><a href=\"http:\/\/corporate.quadram.site\/master\/wp-content\/uploads\/2023\/05\/RH-DemandeConge.png\" target=\"_blank\" rel=\"noreferrer noopener\"><img loading=\"lazy\" decoding=\"async\" src=\"http:\/\/corporate.quadram.site\/master\/wp-content\/uploads\/2023\/05\/RH-DemandeConge.png\" alt=\"\" class=\"wp-image-635\" width=\"235\" height=\"199\" srcset=\"https:\/\/corporate.quadram.site\/wp-content\/uploads\/2023\/05\/RH-DemandeConge.png 938w, https:\/\/corporate.quadram.site\/wp-content\/uploads\/2023\/05\/RH-DemandeConge-300x254.png 300w, https:\/\/corporate.quadram.site\/wp-content\/uploads\/2023\/05\/RH-DemandeConge-768x651.png 768w\" sizes=\"auto, (max-width: 235px) 100vw, 235px\" \/><\/a><\/figure>\n<\/div>\n\n\n\n<div class=\"wp-block-column is-layout-flow wp-block-column-is-layout-flow\">\n<h3 class=\"wp-block-heading has-text-align-left\">Anforderungsmanagement<\/h3>\n\n\n<div class=\"wp-block-image\">\n<figure class=\"alignleft size-full is-resized\"><a href=\"http:\/\/corporate.quadram.site\/master\/wp-content\/uploads\/2023\/05\/RH-Menu.png\" target=\"_blank\" rel=\"noreferrer noopener\"><img loading=\"lazy\" decoding=\"async\" src=\"http:\/\/corporate.quadram.site\/master\/wp-content\/uploads\/2023\/05\/RH-Menu.png\" alt=\"\" class=\"wp-image-637\" width=\"155\" height=\"147\" srcset=\"https:\/\/corporate.quadram.site\/wp-content\/uploads\/2023\/05\/RH-Menu.png 309w, https:\/\/corporate.quadram.site\/wp-content\/uploads\/2023\/05\/RH-Menu-300x285.png 300w\" sizes=\"auto, (max-width: 155px) 100vw, 155px\" \/><\/a><\/figure>\n<\/div><\/div>\n<\/div>\n\n\n\n<div style=\"height:100px\" aria-hidden=\"true\" class=\"wp-block-spacer\"><\/div>\n","protected":false},"excerpt":{"rendered":"<p>Personalmanagement Ihr perfekt an das luxemburgische Arbeitsrecht angepasste Personalmanagement. Ein Service-Komplettpaket f\u00fcr alle KMU-Unternehmen, mit dem Sie viel Zeit und Verwaltungskosten einsparen k\u00f6nnen. Ihre Bed\u00fcrfnisse im Bereich Personalmanagement werden komplett erf\u00fcllt: die Bearbeitung von Urlaubsantr\u00e4gen, die Urlaubsplanung, die Verfolgung von Krankheit, Mutterschaft, Elternzeit, die Best\u00e4tigung von \u00dcberstunden, personenbezogene Daten und Geschichte. Beispiele Urlaubsanfrage und -planung&hellip;&nbsp;<a href=\"https:\/\/corporate.quadram.site\/?page_id=1013\" class=\"\" rel=\"bookmark\">Lire la suite &raquo;<span class=\"screen-reader-text\">Personalmanagement<\/span><\/a><\/p>\n","protected":false},"author":1,"featured_media":0,"parent":1017,"menu_order":0,"comment_status":"closed","ping_status":"closed","template":"","meta":{"neve_meta_sidebar":"","neve_meta_container":"contained","neve_meta_enable_content_width":"on","neve_meta_content_width":100,"neve_meta_title_alignment":"","neve_meta_author_avatar":"","neve_post_elements_order":"","neve_meta_disable_header":"","neve_meta_disable_footer":"","neve_meta_disable_title":"on","footnotes":""},"class_list":["post-1013","page","type-page","status-publish","hentry"],"_links":{"self":[{"href":"https:\/\/corporate.quadram.site\/index.php?rest_route=\/wp\/v2\/pages\/1013","targetHints":{"allow":["GET"]}}],"collection":[{"href":"https:\/\/corporate.quadram.site\/index.php?rest_route=\/wp\/v2\/pages"}],"about":[{"href":"https:\/\/corporate.quadram.site\/index.php?rest_route=\/wp\/v2\/types\/page"}],"author":[{"embeddable":true,"href":"https:\/\/corporate.quadram.site\/index.php?rest_route=\/wp\/v2\/users\/1"}],"replies":[{"embeddable":true,"href":"https:\/\/corporate.quadram.site\/index.php?rest_route=%2Fwp%2Fv2%2Fcomments&post=1013"}],"version-history":[{"count":9,"href":"https:\/\/corporate.quadram.site\/index.php?rest_route=\/wp\/v2\/pages\/1013\/revisions"}],"predecessor-version":[{"id":2039,"href":"https:\/\/corporate.quadram.site\/index.php?rest_route=\/wp\/v2\/pages\/1013\/revisions\/2039"}],"up":[{"embeddable":true,"href":"https:\/\/corporate.quadram.site\/index.php?rest_route=\/wp\/v2\/pages\/1017"}],"wp:attachment":[{"href":"https:\/\/corporate.quadram.site\/index.php?rest_route=%2Fwp%2Fv2%2Fmedia&parent=1013"}],"curies":[{"name":"wp","href":"https:\/\/api.w.org\/{rel}","templated":true}]}}