{"id":1066,"date":"2023-05-12T11:05:25","date_gmt":"2023-05-12T09:05:25","guid":{"rendered":"http:\/\/corporate.quadram.site\/master\/?page_id=1066"},"modified":"2023-06-01T15:15:44","modified_gmt":"2023-06-01T13:15:44","slug":"ergo-support-und-schulungstechniker","status":"publish","type":"page","link":"https:\/\/corporate.quadram.site\/?page_id=1066","title":{"rendered":"Ergo-Support- und Schulungstechniker"},"content":{"rendered":"\n<div style=\"height:25px\" aria-hidden=\"true\" class=\"wp-block-spacer\"><\/div>\n\n\n\n\n\n<div style=\"height:25px\" aria-hidden=\"true\" class=\"wp-block-spacer\"><\/div>\n\n\n\n<h1 class=\"wp-block-heading\">Ergo-Support- und Schulungstechniker<\/h1>\n\n\n\n<h2 class=\"wp-block-heading\">\ud83c\udfaf Die mission<\/h2>\n\n\n\n<p>Als Ergo-Support- und Schulungstechniker besteht Ihre Aufgabe darin, durch die t\u00e4gliche Unterst\u00fctzung unserer Kunden dazu beizutragen, ein optimales Benutzererlebnis f\u00fcr Ergo-L\u00f6sungen zu bieten.<\/p>\n\n\n\n<p>Sie sind daher durch Schulung und technische Unterst\u00fctzung daf\u00fcr verantwortlich, Wissen und bew\u00e4hrte Praktiken unserer Software zu vermitteln und h\u00e4ufige Anwendungsprobleme zu l\u00f6sen.<\/p>\n\n\n\n<h2 class=\"wp-block-heading\">\ud83c\udf93 Dein profil<\/h2>\n\n\n\n<p>Sie kommen aus der Baubranche, verf\u00fcgen \u00fcber eine Hochschulausbildung im Ingenieurwesen oder Architekturbereich und verf\u00fcgen \u00fcber umfangreiche Berufserfahrung.<\/p>\n\n\n\n<p>Sie haben einen starken Appetit auf Computer und neue Technologien. Im Allgemeinen sind Sie derjenige, der f\u00fcr eine Excel-Formel, eine Tastenkombination oder sogar das ber\u00fchmte kleine Ding, das Sie auf Ihrem Computer konfiguriert haben und um das Sie \u00fcberall beneidet werden, gefragt wird.<\/p>\n\n\n\n<p>Sie sind auf der Suche nach neuen beruflichen M\u00f6glichkeiten und m\u00f6chten Teil eines menschlichen, dynamischen und herzlichen Teams werden.<\/p>\n\n\n\n<p>Ihnen macht das Lernen genauso viel Spa\u00df wie das Weitergeben und Teilen, Sie haben ein Gesp\u00fcr f\u00fcr Qualit\u00e4t und Kundenzufriedenheit und wissen, wie man auf Bed\u00fcrfnisse eingeht und nachhaltige L\u00f6sungen findet.<\/p>\n\n\n\n<h2 class=\"wp-block-heading\">\ud83d\udcc4 Unser angebot<\/h2>\n\n\n\n<p>Vollzeitstelle, Montag bis Freitag von 8:30 bis 12:30 Uhr. und ab 13:00 Uhr Von Angesicht zu Angesicht in unseren ger\u00e4umigen und komfortablen R\u00e4umlichkeiten in Soleuvre.<\/p>\n\n\n\n<p>Verg\u00fctung und Zusatzleistungen werden je nach F\u00e4higkeiten und Berufserfahrung ausgehandelt.<\/p>\n\n\n\n<div style=\"height:100px\" aria-hidden=\"true\" class=\"wp-block-spacer\"><\/div>\n","protected":false},"excerpt":{"rendered":"<p>Ergo-Support- und Schulungstechniker \ud83c\udfaf Die mission Als Ergo-Support- und Schulungstechniker besteht Ihre Aufgabe darin, durch die t\u00e4gliche Unterst\u00fctzung unserer Kunden dazu beizutragen, ein optimales Benutzererlebnis f\u00fcr Ergo-L\u00f6sungen zu bieten. Sie sind daher durch Schulung und technische Unterst\u00fctzung daf\u00fcr verantwortlich, Wissen und bew\u00e4hrte Praktiken unserer Software zu vermitteln und h\u00e4ufige Anwendungsprobleme zu l\u00f6sen. \ud83c\udf93 Dein profil&hellip;&nbsp;<a href=\"https:\/\/corporate.quadram.site\/?page_id=1066\" class=\"\" rel=\"bookmark\">Lire la suite &raquo;<span class=\"screen-reader-text\">Ergo-Support- und Schulungstechniker<\/span><\/a><\/p>\n","protected":false},"author":1,"featured_media":0,"parent":1061,"menu_order":0,"comment_status":"closed","ping_status":"closed","template":"","meta":{"neve_meta_sidebar":"","neve_meta_container":"","neve_meta_enable_content_width":"","neve_meta_content_width":0,"neve_meta_title_alignment":"","neve_meta_author_avatar":"","neve_post_elements_order":"","neve_meta_disable_header":"","neve_meta_disable_footer":"","neve_meta_disable_title":"on","footnotes":""},"class_list":["post-1066","page","type-page","status-publish","hentry"],"_links":{"self":[{"href":"https:\/\/corporate.quadram.site\/index.php?rest_route=\/wp\/v2\/pages\/1066","targetHints":{"allow":["GET"]}}],"collection":[{"href":"https:\/\/corporate.quadram.site\/index.php?rest_route=\/wp\/v2\/pages"}],"about":[{"href":"https:\/\/corporate.quadram.site\/index.php?rest_route=\/wp\/v2\/types\/page"}],"author":[{"embeddable":true,"href":"https:\/\/corporate.quadram.site\/index.php?rest_route=\/wp\/v2\/users\/1"}],"replies":[{"embeddable":true,"href":"https:\/\/corporate.quadram.site\/index.php?rest_route=%2Fwp%2Fv2%2Fcomments&post=1066"}],"version-history":[{"count":2,"href":"https:\/\/corporate.quadram.site\/index.php?rest_route=\/wp\/v2\/pages\/1066\/revisions"}],"predecessor-version":[{"id":1857,"href":"https:\/\/corporate.quadram.site\/index.php?rest_route=\/wp\/v2\/pages\/1066\/revisions\/1857"}],"up":[{"embeddable":true,"href":"https:\/\/corporate.quadram.site\/index.php?rest_route=\/wp\/v2\/pages\/1061"}],"wp:attachment":[{"href":"https:\/\/corporate.quadram.site\/index.php?rest_route=%2Fwp%2Fv2%2Fmedia&parent=1066"}],"curies":[{"name":"wp","href":"https:\/\/api.w.org\/{rel}","templated":true}]}}