{"id":1091,"date":"2023-05-31T16:22:12","date_gmt":"2023-05-31T14:22:12","guid":{"rendered":"http:\/\/corporate.quadram.site\/master\/?page_id=1091"},"modified":"2023-06-08T08:58:56","modified_gmt":"2023-06-08T06:58:56","slug":"eureka-deutsch","status":"publish","type":"page","link":"https:\/\/corporate.quadram.site\/?page_id=1091","title":{"rendered":"Eur\u00eaka!"},"content":{"rendered":"\n<div style=\"height:25px\" aria-hidden=\"true\" class=\"wp-block-spacer\"><\/div>\n\n\n\n\n\n<div style=\"height:50px\" aria-hidden=\"true\" class=\"wp-block-spacer\"><\/div>\n\n\n\n<div class=\"wp-block-columns is-layout-flex wp-container-core-columns-is-layout-9d6595d7 wp-block-columns-is-layout-flex\">\n<div class=\"wp-block-column is-layout-flow wp-block-column-is-layout-flow\"><div class=\"wp-block-image\">\n<figure class=\"aligncenter size-full is-resized\"><img loading=\"lazy\" decoding=\"async\" src=\"http:\/\/corporate.quadram.site\/master\/wp-content\/uploads\/2023\/05\/eXPert-v2.jpg\" alt=\"\" class=\"wp-image-645\" width=\"350\" height=\"350\" srcset=\"https:\/\/corporate.quadram.site\/wp-content\/uploads\/2023\/05\/eXPert-v2.jpg 2167w, https:\/\/corporate.quadram.site\/wp-content\/uploads\/2023\/05\/eXPert-v2-300x300.jpg 300w, https:\/\/corporate.quadram.site\/wp-content\/uploads\/2023\/05\/eXPert-v2-1024x1024.jpg 1024w, https:\/\/corporate.quadram.site\/wp-content\/uploads\/2023\/05\/eXPert-v2-150x150.jpg 150w, https:\/\/corporate.quadram.site\/wp-content\/uploads\/2023\/05\/eXPert-v2-768x768.jpg 768w, https:\/\/corporate.quadram.site\/wp-content\/uploads\/2023\/05\/eXPert-v2-1536x1536.jpg 1536w, https:\/\/corporate.quadram.site\/wp-content\/uploads\/2023\/05\/eXPert-v2-2048x2048.jpg 2048w\" sizes=\"auto, (max-width: 350px) 100vw, 350px\" \/><\/figure>\n<\/div><\/div>\n\n\n\n<div class=\"wp-block-column is-layout-flow wp-block-column-is-layout-flow\">\n<div class=\"wp-block-group\"><div class=\"wp-block-group__inner-container is-layout-constrained wp-block-group-is-layout-constrained\">\n<div style=\"height:25px\" aria-hidden=\"true\" class=\"wp-block-spacer\"><\/div>\n\n\n\n<figure class=\"wp-block-image size-full is-resized\"><img loading=\"lazy\" decoding=\"async\" src=\"http:\/\/corporate.quadram.site\/master\/wp-content\/uploads\/2023\/05\/Eureka-logo.jpg\" alt=\"\" class=\"wp-image-646\" width=\"212\" height=\"56\" srcset=\"https:\/\/corporate.quadram.site\/wp-content\/uploads\/2023\/05\/Eureka-logo.jpg 424w, https:\/\/corporate.quadram.site\/wp-content\/uploads\/2023\/05\/Eureka-logo-300x79.jpg 300w\" sizes=\"auto, (max-width: 212px) 100vw, 212px\" \/><\/figure>\n\n\n\n<div style=\"height:25px\" aria-hidden=\"true\" class=\"wp-block-spacer\"><\/div>\n\n\n\n<p><strong>Setzen Sie die Kenntnisse Ihrer Firma frei<\/strong><\/p>\n\n\n\n<p>Machen Sie das Wissen Ihrer Firma zu Geld, b\u00fcndeln Sie n\u00fctzliche Informationen, Best Practices und Know-How an einem einzigen Ort, der all Ihren Mitarbeitern zur Verf\u00fcgung steht.<\/p>\n<\/div><\/div>\n<\/div>\n<\/div>\n\n\n\n<div style=\"height:100px\" aria-hidden=\"true\" class=\"wp-block-spacer\"><\/div>\n\n\n\n<div class=\"wp-block-cover alignfull\"><span aria-hidden=\"true\" class=\"wp-block-cover__background has-nv-light-bg-background-color has-background-dim-100 has-background-dim\"><\/span><div class=\"wp-block-cover__inner-container is-layout-flow wp-block-cover-is-layout-flow\">\n<div style=\"height:100px\" aria-hidden=\"true\" class=\"wp-block-spacer\"><\/div>\n\n\n\n<div class=\"wp-block-group has-neve-text-color-color has-text-color\"><div class=\"wp-block-group__inner-container is-layout-constrained wp-block-group-is-layout-constrained\">\n<div class=\"wp-block-columns is-layout-flex wp-container-core-columns-is-layout-9d6595d7 wp-block-columns-is-layout-flex\">\n<div class=\"wp-block-column is-layout-flow wp-block-column-is-layout-flow\">\n<div class=\"wp-block-group\"><div class=\"wp-block-group__inner-container is-layout-constrained wp-block-group-is-layout-constrained\">\n<h2 class=\"wp-block-heading\">Beschreibung<\/h2>\n\n\n\n<p>Heureka! ist die originelle Verbindung zwischen einer Wissensdatenbank, einem Forum und einer Kompetenzverwaltung. Mit Heureka! gewinnen Sie Zeit und k\u00f6nnen sich endlich voll dem widmen, was in Ihrem Beruf wirklich z\u00e4hlt.<\/p>\n\n\n\n<p>Platzieren Sie Wissen, n\u00fctzliche Informationen, empfohlene Praktiken und Know-how an einen Ort, der f\u00fcr alle Ihre Mitarbeiter zug\u00e4nglich ist.<\/p>\n<\/div><\/div>\n<\/div>\n\n\n\n<div class=\"wp-block-column is-layout-flow wp-block-column-is-layout-flow\">\n<figure class=\"wp-block-image size-full\"><img loading=\"lazy\" decoding=\"async\" width=\"597\" height=\"278\" src=\"http:\/\/corporate.quadram.site\/master\/wp-content\/uploads\/2023\/05\/aboutus.jpg\" alt=\"\" class=\"wp-image-644\" srcset=\"https:\/\/corporate.quadram.site\/wp-content\/uploads\/2023\/05\/aboutus.jpg 597w, https:\/\/corporate.quadram.site\/wp-content\/uploads\/2023\/05\/aboutus-300x140.jpg 300w\" sizes=\"auto, (max-width: 597px) 100vw, 597px\" \/><\/figure>\n<\/div>\n<\/div>\n<\/div><\/div>\n\n\n\n<div style=\"height:100px\" aria-hidden=\"true\" class=\"wp-block-spacer\"><\/div>\n<\/div><\/div>\n\n\n\n<div style=\"height:100px\" aria-hidden=\"true\" class=\"wp-block-spacer\"><\/div>\n\n\n\n<div class=\"wp-block-columns is-layout-flex wp-container-core-columns-is-layout-9d6595d7 wp-block-columns-is-layout-flex\">\n<div class=\"wp-block-column is-layout-flow wp-block-column-is-layout-flow\">\n<h2 class=\"wp-block-heading\">Beispiele<\/h2>\n\n\n\n<h3 class=\"wp-block-heading\">Ve\u00f6ffentlichungen<\/h3>\n\n\n\n<p><em>Ich suche Informationen technischer Art, \u00fcber Verfahren, Methoden, eine Dokumentation, die Business-Rules.<\/em><\/p>\n\n\n\n<p>Mit Heureka! finde ich in ein paar Augenblicken die gesuchten Informationen.<\/p>\n\n\n\n<h3 class=\"wp-block-heading\">Fragen<\/h3>\n\n\n\n<p><em>Ich suche eine Antwort auf eine bestimmte Frage, die bereits behandelt wurde.<\/em><\/p>\n\n\n\n<p>Ich finde die beste Antwort auf meine Frage, mit dem gr\u00fcnen H\u00e4kchen. Ich bin sicher, meinem Kunden eine genaue Antwort zu geben.<\/p>\n\n\n\n<h3 class=\"wp-block-heading\">Kompetenzen<\/h3>\n\n\n\n<p><em>Ich m\u00f6chte bei Kollegen f\u00fcr einen Bereich Hilfe anfordern, der meine Kompetenzen \u00fcberfordert.<\/em><\/p>\n\n\n\n<p>Ich schaue mir die Profile meiner Kollegen an, um denjenigen mit den gesuchten Kompetenzen ausfindig zu machen.<\/p>\n<\/div>\n\n\n\n<div class=\"wp-block-column is-layout-flow wp-block-column-is-layout-flow\">\n<div style=\"height:73px\" aria-hidden=\"true\" class=\"wp-block-spacer\"><\/div>\n\n\n\n<h3 class=\"wp-block-heading\">Diskussion<\/h3>\n\n\n\n<p><em>Ich m\u00f6chte zu einem bestimmten Thema die Stellungnahme meiner Kollegen anfordern.<\/em><\/p>\n\n\n\n<p>Dazu starte ich eine neue Diskussion auf Heureka!. Meinen Kollegen wird meine Frage mitgeteilt, und sie nehmen an der Diskussion \u00fcber Heureka! teil, ohne meine Mailbox vollzumachen.<\/p>\n\n\n\n<h3 class=\"wp-block-heading\">Annoncen<\/h3>\n\n\n\n<p><em>Ich m\u00f6chte meine Kollegen zu einem Ereignis einladen, eine gute Idee teilen oder eine Annonce aufgeben.<\/em><\/p>\n\n\n\n<p>Ich gebe eine Annonce in Heureka! auf! Meinen Kollegen wird sie mitgeteilt, und nach dem Ablauf des Datums wird meine Annonce automatisch gel\u00f6scht.<\/p>\n\n\n\n<div style=\"height:25px\" aria-hidden=\"true\" class=\"wp-block-spacer\"><\/div>\n\n\n<div class=\"wp-block-image\">\n<figure class=\"aligncenter size-large is-resized\"><img loading=\"lazy\" decoding=\"async\" src=\"http:\/\/corporate.quadram.site\/master\/wp-content\/uploads\/2023\/05\/Picto-fonctionnalites-1024x208.png\" alt=\"\" class=\"wp-image-642\" width=\"512\" height=\"104\" srcset=\"https:\/\/corporate.quadram.site\/wp-content\/uploads\/2023\/05\/Picto-fonctionnalites-1024x208.png 1024w, https:\/\/corporate.quadram.site\/wp-content\/uploads\/2023\/05\/Picto-fonctionnalites-300x61.png 300w, https:\/\/corporate.quadram.site\/wp-content\/uploads\/2023\/05\/Picto-fonctionnalites-768x156.png 768w, https:\/\/corporate.quadram.site\/wp-content\/uploads\/2023\/05\/Picto-fonctionnalites.png 1455w\" sizes=\"auto, (max-width: 512px) 100vw, 512px\" \/><\/figure>\n<\/div><\/div>\n<\/div>\n\n\n\n<div style=\"height:100px\" aria-hidden=\"true\" class=\"wp-block-spacer\"><\/div>\n","protected":false},"excerpt":{"rendered":"<p>Setzen Sie die Kenntnisse Ihrer Firma frei Machen Sie das Wissen Ihrer Firma zu Geld, b\u00fcndeln Sie n\u00fctzliche Informationen, Best Practices und Know-How an einem einzigen Ort, der all Ihren Mitarbeitern zur Verf\u00fcgung steht. Beispiele Ve\u00f6ffentlichungen Ich suche Informationen technischer Art, \u00fcber Verfahren, Methoden, eine Dokumentation, die Business-Rules. Mit Heureka! finde ich in ein paar&hellip;&nbsp;<a href=\"https:\/\/corporate.quadram.site\/?page_id=1091\" class=\"\" rel=\"bookmark\">Lire la suite &raquo;<span class=\"screen-reader-text\">Eur\u00eaka!<\/span><\/a><\/p>\n","protected":false},"author":1,"featured_media":0,"parent":1017,"menu_order":0,"comment_status":"closed","ping_status":"closed","template":"","meta":{"neve_meta_sidebar":"full-width","neve_meta_container":"contained","neve_meta_enable_content_width":"on","neve_meta_content_width":100,"neve_meta_title_alignment":"","neve_meta_author_avatar":"","neve_post_elements_order":"","neve_meta_disable_header":"","neve_meta_disable_footer":"","neve_meta_disable_title":"on","footnotes":""},"class_list":["post-1091","page","type-page","status-publish","hentry"],"_links":{"self":[{"href":"https:\/\/corporate.quadram.site\/index.php?rest_route=\/wp\/v2\/pages\/1091","targetHints":{"allow":["GET"]}}],"collection":[{"href":"https:\/\/corporate.quadram.site\/index.php?rest_route=\/wp\/v2\/pages"}],"about":[{"href":"https:\/\/corporate.quadram.site\/index.php?rest_route=\/wp\/v2\/types\/page"}],"author":[{"embeddable":true,"href":"https:\/\/corporate.quadram.site\/index.php?rest_route=\/wp\/v2\/users\/1"}],"replies":[{"embeddable":true,"href":"https:\/\/corporate.quadram.site\/index.php?rest_route=%2Fwp%2Fv2%2Fcomments&post=1091"}],"version-history":[{"count":12,"href":"https:\/\/corporate.quadram.site\/index.php?rest_route=\/wp\/v2\/pages\/1091\/revisions"}],"predecessor-version":[{"id":2104,"href":"https:\/\/corporate.quadram.site\/index.php?rest_route=\/wp\/v2\/pages\/1091\/revisions\/2104"}],"up":[{"embeddable":true,"href":"https:\/\/corporate.quadram.site\/index.php?rest_route=\/wp\/v2\/pages\/1017"}],"wp:attachment":[{"href":"https:\/\/corporate.quadram.site\/index.php?rest_route=%2Fwp%2Fv2%2Fmedia&parent=1091"}],"curies":[{"name":"wp","href":"https:\/\/api.w.org\/{rel}","templated":true}]}}