{"id":310,"date":"2023-05-05T16:08:35","date_gmt":"2023-05-05T14:08:35","guid":{"rendered":"http:\/\/corporate.quadram.site\/master\/?page_id=310"},"modified":"2023-06-02T10:02:34","modified_gmt":"2023-06-02T08:02:34","slug":"carrieres","status":"publish","type":"page","link":"https:\/\/corporate.quadram.site\/?page_id=310","title":{"rendered":"Travailler chez Quadram"},"content":{"rendered":"\n<div style=\"height:50px\" aria-hidden=\"true\" class=\"wp-block-spacer\"><\/div>\n\n\n\n<h1 class=\"wp-block-heading\">Travailler chez Quadram<\/h1>\n\n\n\n<p>Quadram est une entreprise de taille humaine qui a fait de la satisfaction de ses clients son moteur de r\u00e9ussite.<\/p>\n\n\n\n<p>Travailler chez Quadram, c\u2019est ainsi \u00eatre anim\u00e9 par la passion de l\u2019informatique et des nouvelles technologies, mais c\u2019est aussi savoir donner le meilleur de soi-m\u00eame au sein d\u2019une \u00e9quipe solide, dynamique et g\u00e9n\u00e9reuse.<\/p>\n\n\n\n<p><strong>Envie de nous rejoindre&nbsp;?&nbsp;<\/strong><\/p>\n\n\n\n<p>Envoyez-nous votre candidature spontan\u00e9e ou en r\u00e9ponse \u00e0 l&rsquo;une de nos annonce (en mentionnant l&rsquo;intitul\u00e9 du poste) :<\/p>\n\n\n\n<ul class=\"wp-block-list\">\n<li><strong>en joignant votre CV et votre lettre de motivation,<\/strong><\/li>\n\n\n\n<li><strong>par email \u00e0 l&rsquo;adresse&nbsp;<a href=\"http:\/\/mailto:quadram.lu\/\">info@quadram.lu<\/a>.<\/strong><\/li>\n<\/ul>\n\n\n\n<div style=\"height:25px\" aria-hidden=\"true\" class=\"wp-block-spacer\"><\/div>\n\n\n\n<hr class=\"wp-block-separator alignfull has-text-color has-nv-light-bg-color has-alpha-channel-opacity has-nv-light-bg-background-color has-background is-style-dots\"\/>\n\n\n\n<div style=\"height:50px\" aria-hidden=\"true\" class=\"wp-block-spacer\"><\/div>\n\n\n\n<div class=\"wp-block-columns is-layout-flex wp-container-core-columns-is-layout-9d6595d7 wp-block-columns-is-layout-flex\">\n<div class=\"wp-block-column is-layout-flow wp-block-column-is-layout-flow\">\n<h3 class=\"wp-block-heading\">Technicien(ne) d\u2019assistance et de formation Ergo<\/h3>\n\n\n\n<p>Vous \u00eates issu du secteur du b\u00e2timent et de la construction, vous connaissez et\/ou utilisez Ergo, vous recherchez de nouvelles opportunit\u00e9s professionnelles ? Ce poste est fait pour vous !<\/p>\n\n\n\n<div class=\"wp-block-buttons is-layout-flex wp-block-buttons-is-layout-flex\">\n<div class=\"wp-block-button is-style-primary\"><a class=\"wp-block-button__link wp-element-button\" href=\"http:\/\/corporate.quadram.site\/master\/index.php\/technicienne-dassistance-et-de-formation-ergo\/\" target=\"_blank\" rel=\"noreferrer noopener\">En savoir plus<\/a><\/div>\n<\/div>\n<\/div>\n\n\n\n<div class=\"wp-block-column is-layout-flow wp-block-column-is-layout-flow\">\n<h3 class=\"wp-block-heading\">Technicien de Support Applicatif<\/h3>\n\n\n\n<p>Dans le cadre de l\u2019accroissement de son activit\u00e9, nous recherchons notre futur technicien de support niveau I et II pour accompagner nos clients au quotidien.<\/p>\n\n\n\n<div class=\"wp-block-buttons is-layout-flex wp-block-buttons-is-layout-flex\">\n<div class=\"wp-block-button is-style-primary\"><a class=\"wp-block-button__link wp-element-button\" href=\"http:\/\/corporate.quadram.site\/master\/index.php\/technicien-de-support-applicatif\/\" target=\"_blank\" rel=\"noreferrer noopener\">En savoir plus<\/a><\/div>\n<\/div>\n<\/div>\n\n\n\n<div class=\"wp-block-column is-layout-flow wp-block-column-is-layout-flow\">\n<h3 class=\"wp-block-heading\">D\u00e9veloppeur Windev<\/h3>\n\n\n\n<p>En tant que d\u00e9veloppeur Windev, vous serez rattach\u00e9 au chef de projet participerez au maintien et \u00e0 l\u2019am\u00e9lioration des logiciels existants ainsi que la conception de nouvelles fonctionnalit\u00e9s\/produits.<\/p>\n\n\n\n<div class=\"wp-block-buttons is-layout-flex wp-block-buttons-is-layout-flex\">\n<div class=\"wp-block-button is-style-primary\"><a class=\"wp-block-button__link wp-element-button\" href=\"http:\/\/corporate.quadram.site\/master\/index.php\/developpeur-windev\/\" target=\"_blank\" rel=\"noreferrer noopener\">En savoir plus<\/a><\/div>\n<\/div>\n<\/div>\n<\/div>\n\n\n\n<div style=\"height:100px\" aria-hidden=\"true\" class=\"wp-block-spacer\"><\/div>\n","protected":false},"excerpt":{"rendered":"<p>Travailler chez Quadram Quadram est une entreprise de taille humaine qui a fait de la satisfaction de ses clients son moteur de r\u00e9ussite. Travailler chez Quadram, c\u2019est ainsi \u00eatre anim\u00e9 par la passion de l\u2019informatique et des nouvelles technologies, mais c\u2019est aussi savoir donner le meilleur de soi-m\u00eame au sein d\u2019une \u00e9quipe solide, dynamique et&hellip;&nbsp;<a href=\"https:\/\/corporate.quadram.site\/?page_id=310\" class=\"\" rel=\"bookmark\">Lire la suite &raquo;<span class=\"screen-reader-text\">Travailler chez Quadram<\/span><\/a><\/p>\n","protected":false},"author":1,"featured_media":0,"parent":0,"menu_order":0,"comment_status":"closed","ping_status":"closed","template":"","meta":{"neve_meta_sidebar":"","neve_meta_container":"","neve_meta_enable_content_width":"","neve_meta_content_width":0,"neve_meta_title_alignment":"","neve_meta_author_avatar":"","neve_post_elements_order":"","neve_meta_disable_header":"","neve_meta_disable_footer":"","neve_meta_disable_title":"on","footnotes":""},"class_list":["post-310","page","type-page","status-publish","hentry"],"_links":{"self":[{"href":"https:\/\/corporate.quadram.site\/index.php?rest_route=\/wp\/v2\/pages\/310","targetHints":{"allow":["GET"]}}],"collection":[{"href":"https:\/\/corporate.quadram.site\/index.php?rest_route=\/wp\/v2\/pages"}],"about":[{"href":"https:\/\/corporate.quadram.site\/index.php?rest_route=\/wp\/v2\/types\/page"}],"author":[{"embeddable":true,"href":"https:\/\/corporate.quadram.site\/index.php?rest_route=\/wp\/v2\/users\/1"}],"replies":[{"embeddable":true,"href":"https:\/\/corporate.quadram.site\/index.php?rest_route=%2Fwp%2Fv2%2Fcomments&post=310"}],"version-history":[{"count":19,"href":"https:\/\/corporate.quadram.site\/index.php?rest_route=\/wp\/v2\/pages\/310\/revisions"}],"predecessor-version":[{"id":1906,"href":"https:\/\/corporate.quadram.site\/index.php?rest_route=\/wp\/v2\/pages\/310\/revisions\/1906"}],"wp:attachment":[{"href":"https:\/\/corporate.quadram.site\/index.php?rest_route=%2Fwp%2Fv2%2Fmedia&parent=310"}],"curies":[{"name":"wp","href":"https:\/\/api.w.org\/{rel}","templated":true}]}}