{"id":967,"date":"2023-05-11T14:09:17","date_gmt":"2023-05-11T12:09:17","guid":{"rendered":"http:\/\/corporate.quadram.site\/master\/?page_id=967"},"modified":"2023-06-01T15:17:35","modified_gmt":"2023-06-01T13:17:35","slug":"technicienne-dassistance-et-de-formation-ergo","status":"publish","type":"page","link":"https:\/\/corporate.quadram.site\/?page_id=967","title":{"rendered":"Technicien(ne) d\u2019assistance et de formation Ergo"},"content":{"rendered":"\n<div style=\"height:25px\" aria-hidden=\"true\" class=\"wp-block-spacer\"><\/div>\n\n\n\n\n\n<div style=\"height:25px\" aria-hidden=\"true\" class=\"wp-block-spacer\"><\/div>\n\n\n\n<h1 class=\"wp-block-heading\">Technicien(ne) d\u2019assistance et de formation Ergo<\/h1>\n\n\n\n<p>Rejoignez l\u2019\u00e9quipe de Quadram, l\u2019\u00e9diteur de r\u00e9f\u00e9rence des solutions de gestion au Luxembourg pour le secteur du b\u00e2timent et de la construction et devenez l\u2019interlocuteur privil\u00e9gi\u00e9 de nos utilisateurs.<\/p>\n\n\n\n<h2 class=\"wp-block-heading\">\ud83c\udfaf La mission<\/h2>\n\n\n\n<p>En tant que techncien(ne) d\u2019assistance et formation Ergo, votre mission sera de contribuer \u00e0 fournir une&nbsp;<strong>exp\u00e9rience d\u2019utilisation optimale<\/strong>&nbsp;des solutions Ergo en&nbsp;<strong>accompagnant<\/strong>&nbsp;nos clients au quotidien.<\/p>\n\n\n\n<p>Vous serez ainsi charg\u00e9, via la&nbsp;<strong>formation<\/strong>&nbsp;et l\u2019<strong>assistance technique<\/strong>, de transmettre les connaissances et les bonnes pratiques de nos logiciels et de r\u00e9soudre les probl\u00e9matiques courantes d\u2019utilisation.<\/p>\n\n\n\n<h2 class=\"wp-block-heading\">\ud83c\udf93 Votre profil<\/h2>\n\n\n\n<p>Vous \u00eates issu du&nbsp;<strong>secteur du b\u00e2timent et de la construction<\/strong>, vous avez une formation sup\u00e9rieure en&nbsp;<strong>ing\u00e9nierie<\/strong>&nbsp;ou en&nbsp;<strong>architecture<\/strong>&nbsp;et poss\u00e9dez une&nbsp;<strong>exp\u00e9rience professionnelle significative<\/strong>.<\/p>\n\n\n\n<p>Vous avez une forte&nbsp;<strong>app\u00e9tence pour l\u2019informatique&nbsp;<\/strong>et les nouvelles technologies. G\u00e9n\u00e9ralement, c\u2019est \u00e0 vous que l\u2019on fait appel pour une formule Excel, un raccourci clavier ou encore ce fameux petit truc que vous avez configur\u00e9 sur votre ordinateur et qu\u2019on vous envie partout.<\/p>\n\n\n\n<p>Vous recherchez de&nbsp;<strong>nouvelles opportunit\u00e9s professionnelles<\/strong>&nbsp;et souhaitez int\u00e9grer une \u00e9quipe \u00e0 taille humaine, dynamique et chaleureuse.<\/p>\n\n\n\n<p>Vous aimez&nbsp;<strong>apprendre<\/strong>&nbsp;autant que&nbsp;<strong>transmettre<\/strong>&nbsp;et&nbsp;<strong>partager<\/strong>, vous avez le sens de la&nbsp;<strong>qualit\u00e9<\/strong>&nbsp;et de la&nbsp;<strong>satisfaction clien<\/strong>t, et savez \u00eatre \u00e0 l\u2019<strong>\u00e9coute<\/strong>&nbsp;des besoins et trouver des solutions durables.<\/p>\n\n\n\n<h2 class=\"wp-block-heading\">\ud83d\udcc4 Notre proposition<\/h2>\n\n\n\n<p>Poste \u00e0 temps plein, du lundi au vendredi de 8h30 \u00e0 12h30 et de 13h \u00e0 17h, en pr\u00e9sentiel dans nos locaux spacieux et confortables de Soleuvre.<\/p>\n\n\n\n<p>R\u00e9mun\u00e9ration et avantages \u00e0 n\u00e9gocier selon les comp\u00e9tences et l\u2019exp\u00e9rience professionnelle.<\/p>\n\n\n\n<div style=\"height:100px\" aria-hidden=\"true\" class=\"wp-block-spacer\"><\/div>\n","protected":false},"excerpt":{"rendered":"<p>Technicien(ne) d\u2019assistance et de formation Ergo Rejoignez l\u2019\u00e9quipe de Quadram, l\u2019\u00e9diteur de r\u00e9f\u00e9rence des solutions de gestion au Luxembourg pour le secteur du b\u00e2timent et de la construction et devenez l\u2019interlocuteur privil\u00e9gi\u00e9 de nos utilisateurs. \ud83c\udfaf La mission En tant que techncien(ne) d\u2019assistance et formation Ergo, votre mission sera de contribuer \u00e0 fournir une&nbsp;exp\u00e9rience d\u2019utilisation&hellip;&nbsp;<a href=\"https:\/\/corporate.quadram.site\/?page_id=967\" class=\"\" rel=\"bookmark\">Lire la suite &raquo;<span class=\"screen-reader-text\">Technicien(ne) d\u2019assistance et de formation Ergo<\/span><\/a><\/p>\n","protected":false},"author":1,"featured_media":0,"parent":310,"menu_order":0,"comment_status":"closed","ping_status":"closed","template":"","meta":{"neve_meta_sidebar":"","neve_meta_container":"","neve_meta_enable_content_width":"","neve_meta_content_width":0,"neve_meta_title_alignment":"","neve_meta_author_avatar":"","neve_post_elements_order":"","neve_meta_disable_header":"","neve_meta_disable_footer":"","neve_meta_disable_title":"on","footnotes":""},"class_list":["post-967","page","type-page","status-publish","hentry"],"_links":{"self":[{"href":"https:\/\/corporate.quadram.site\/index.php?rest_route=\/wp\/v2\/pages\/967","targetHints":{"allow":["GET"]}}],"collection":[{"href":"https:\/\/corporate.quadram.site\/index.php?rest_route=\/wp\/v2\/pages"}],"about":[{"href":"https:\/\/corporate.quadram.site\/index.php?rest_route=\/wp\/v2\/types\/page"}],"author":[{"embeddable":true,"href":"https:\/\/corporate.quadram.site\/index.php?rest_route=\/wp\/v2\/users\/1"}],"replies":[{"embeddable":true,"href":"https:\/\/corporate.quadram.site\/index.php?rest_route=%2Fwp%2Fv2%2Fcomments&post=967"}],"version-history":[{"count":4,"href":"https:\/\/corporate.quadram.site\/index.php?rest_route=\/wp\/v2\/pages\/967\/revisions"}],"predecessor-version":[{"id":1858,"href":"https:\/\/corporate.quadram.site\/index.php?rest_route=\/wp\/v2\/pages\/967\/revisions\/1858"}],"up":[{"embeddable":true,"href":"https:\/\/corporate.quadram.site\/index.php?rest_route=\/wp\/v2\/pages\/310"}],"wp:attachment":[{"href":"https:\/\/corporate.quadram.site\/index.php?rest_route=%2Fwp%2Fv2%2Fmedia&parent=967"}],"curies":[{"name":"wp","href":"https:\/\/api.w.org\/{rel}","templated":true}]}}